uppose u - 2*u + 15 = 0. Calculate the remainder when h is divided by u.
7
Let v = 90 - 83. Calculate the remainder when 25 is divided by v.
4
Let d(b) = 2*b**2 + 3*b + 3. Suppose 5*z - 3*z + 42 = 0. Let a = z - -36. Calculate the remainder when d(-6) is divided by a.
12
Suppose 0 = 7*u + 94 - 381. What is the remainder when 200 is divided by u?
36
Suppose -13*u + 50286 = 89*u. What is the remainder when u is divided by 31?
28
Suppose 27*u = 24*u. Suppose 20 = 3*x + 2*x - 3*o, -3*x + 5*o + 12 = u. What is the remainder when x is divided by 3?
1
Let v = 473 - 203. What is the remainder when v is divided by 138?
132
Let r = -8 - -10. Suppose -4*o - r*l = -25 - 75, -4*o = l - 96. Suppose g - 30 = -4*g. What is the remainder when o is divided by g?
5
Let c(b) = b**3 + 4*b**2 + 6*b - 6. Let s be c(-5). Let d = -411 - -435. What is the remainder when d is divided by (-4)/(-14) - s/7?
6
Let p(f) = 2*f**2 + 11*f + 14. Suppose -3*o - 3*x = 21, -3*o + 3*x + 2*x - 13 = 0. What is the remainder when 39 is divided by p(o)?
19
Let l be (3 - 0)*2/3. Suppose -l*i + 6*i - 40 = 0. Suppose -36 = -2*v + i. Calculate the remainder when v is divided by 12.
11
Calculate the remainder when 39 is divided by (-7)/(35/10) + 26.
15
Let z be 18/(-4)*(-20)/15. Suppose -z*q - 12 = -4*q. Calculate the remainder when 35 is divided by (-47)/(-4) - q/24.
11
Suppose -3*y - 12 = 0, 5*u - 181 - 650 = 4*y. What is the remainder when u is divided by 34?
27
Calculate the remainder when 93 is divided by 2/(-6) - 1305/(-27).
45
Let n be 4 - (0 - 1 - -4). Calculate the remainder when 135 is divided by 1/n - (10 + -37).
23
Let t(y) = 122*y - 17. What is the remainder when t(24) is divided by 62?
59
Suppose -668 - 4 = -6*h. What is the remainder when h is divided by 13?
8
Calculate the remainder when 107 is divided by 1/(-2) - (-180)/8.
19
Let x = 10 + 54. What is the remainder when x is divided by 22?
20
Suppose 82*x - 59*x - 230 = 0. Calculate the remainder when 148 is divided by x.
8
Let u = -41 + 43. Suppose 0 = 2*x - 2*j - 24 - 28, u*j + 108 = 4*x. Calculate the remainder when 195 is divided by x.
27
Let y(k) = -8*k**2 - 4*k + 6. Let s be y(4). Let d = -95 - s. Calculate the remainder when d is divided by 22.
21
What is the remainder when 277 is divided by (-9)/((-405)/3170) - (-8)/(-18)?
67
What is the remainder when 58 is divided by (-50)/(-20)*2*18/15?
4
Suppose -4*g = 2*g - 312. Suppose k + g = 4*l, -6*k + 7*k - 4 = 0. What is the remainder when -2 - (0 + 1)*-56 is divided by l?
12
What is the remainder when 399 is divided by (-245)/(-3) + (-18)/(-54)?
71
Let z(m) = m**3 - 14*m**2 - 12*m - 30. Calculate the remainder when 85 is divided by z(15).
10
Let m(x) = x**3 + 8*x**2 - 11*x + 12. Let h be m(-9). Let z = h - 9. What is the remainder when 103 is divided by z?
19
Let j = -32 - -81. Let t be (-4 + 2)*(-170)/4. Suppose 0 = -2*h + 5*a + 6, 3*a - t = -5*h - 2*a. Calculate the remainder when j is divided by h.
10
Let s(j) = -j**2 - j - 1. Let b be s(6). Let x = 66 + b. What is the remainder when 89 is divided by x?
20
Let n(d) = 2*d - 15. Calculate the remainder when 110 is divided by n(14).
6
Suppose 4*y - 3*c + 6*c - 119 = 0, -c = -2*y + 67. What is the remainder when 215 is divided by y?
23
Let q be ((-420)/25)/(2 + (-63)/30). Suppose -3*h - 4*h = -q. What is the remainder when (94 - (-2 - -4)) + 1 is divided by h?
21
Let a(l) = l + 2. Let w be a(-2). Suppose 2*y - 72 - 44 = 3*s, 4*y + 4*s - 272 = w. What is the remainder when y is divided by 33?
31
Suppose -4*f + 94 = 2*o, -o + 3*o = 4*f - 82. Let t = -56 - 11. What is the remainder when -6 + 3 + (-1 - t) is divided by f?
19
Let l = 42 - 27. Calculate the remainder when (-300)/(-125) + (-4)/10 + 101 is divided by l.
13
Suppose 3*n - c - 79 = -2*n, -3*n + 3*c = -45. What is the remainder when n is divided by 3?
1
Calculate the remainder when (5*1/5)/(5/2570) is divided by 6.
4
Let r = 733 - 509. What is the remainder when r is divided by 15?
14
Let r(n) = n + 3. Let p(d) = -d - 14. Let b be p(-8). Calculate the remainder when (48 - -3)*(-2)/b is divided by r(3).
5
Let f = 1790 + -824. What is the remainder when f is divided by 81?
75
Let f = -89 + 155. Suppose -3*t - 196 + 298 = 0. What is the remainder when f is divided by t?
32
Suppose 168 + 60 = 4*d. Calculate the remainder when 220 is divided by d.
49
Suppose 0*s = -s + z + 53, -2*s - 5*z = -120. What is the remainder when 71 is divided by s?
16
Let t(a) = -a + 3. Let w be t(6). Calculate the remainder when 1/w + 42/18 is divided by 2.
0
Let z = -49 - -25. Let s = 30 + z. Suppose 2 = 3*f - 31. Calculate the remainder when f is divided by s.
5
Let k(j) = -j**2 + 14*j - 5. Let v be (-1)/1 - 0/(-18). Let t(f) = -11*f**3 + 3*f + 2. Let c be t(v). What is the remainder when k(c) is divided by 12?
11
Let c = -29 - -16. Let q = c + 14. Let i = q - -10. What is the remainder when 31 is divided by i?
9
Let l = 29 + -24. Let s(r) = 7*r - 5. Let p(f) = f**2 + 7*f - 6. Let b(q) = 2*p(q) - 3*s(q). What is the remainder when 53 is divided by b(l)?
17
Let d(o) = -o**2 - 153*o + 1126. Let k(v) = 3*v**3 - v**2. What is the remainder when k(2) is divided by d(7)?
2
Suppose 5 = -5*q + 20, 0 = 2*k + q - 229. Calculate the remainder when 124 is divided by k.
11
Let d = 63 - 60. What is the remainder when 4 is divided by 11/2 - d*(-2)/(-4)?
0
Suppose -4*r + 2 = -6. Suppose -2 - r = 4*k. What is the remainder when 21 is divided by 11*(-4)/(-3 + k)?
10
Let q = 146 + -140. Calculate the remainder when 93 is divided by q.
3
Suppose -91 = -16*l + 405. Suppose 0 = 28*p - l*p + 48. What is the remainder when 191 is divided by p?
15
Suppose -22 - 32 = -6*w. Suppose 4*b - 51 = -3*z, -4*b - 66 = -w*b - 3*z. Calculate the remainder when 27 is divided by b.
12
Let j(l) = -l**3 + 7*l**2 + 22*l + 7. What is the remainder when j(8) is divided by 20?
19
Let n = 1000 - 834. Calculate the remainder when n is divided by 10.
6
Let a(k) = -k**2 - 11*k - 3. Let g be a(-10). Let v = -18 + 29. Let u = v + g. Calculate the remainder when 70 is divided by u.
16
Suppose -434 = 5*k - 36*k. Calculate the remainder when 184 is divided by k.
2
Let v = 246 + -150. Suppose 3*t = -5*h + 118, -t - v = -4*h - 5*t. What is the remainder when 113 is divided by h?
21
Let q(x) = -x**2 - 2*x - 2. Let g be q(-3). Let d be -4*g/(40/6). Suppose 3*s - 15 = d. Calculate the remainder when 9 is divided by s.
3
Let p = 249 + -146. What is the remainder when p is divided by 18?
13
Let b(i) = -i**3 + 26*i + 73. What is the remainder when b(-6) is divided by 13?
3
Let x(f) = -f**2 + 50*f - 376. Calculate the remainder when x(10) is divided by 22.
2
Let o be ((5 - 4) + -1)/(-1). Suppose -2*t + o*t = -10. Let l = 28 - 20. What is the remainder when l is divided by t?
3
Suppose 0 = 23*l - 28*l + 60. Calculate the remainder when 105 is divided by l.
9
Let j = 7 + 5. What is the remainder when (-1)/(7/(-210)) - -4 is divided by j?
10
Let l(o) = -o**3 - 9*o**2 - 26*o - 11. What is the remainder when l(-10) is divided by 39?
37
Let l(b) = b**2 - 14*b - 132. Calculate the remainder when 84 is divided by l(-7).
9
Suppose 1 = t, 5*p - 11 = 3*t + t. Suppose -3*a + 4 = 4*l - 24, 12 = p*l. Suppose k = -a*k + 160. What is the remainder when k is divided by 11?
10
Let v = 679 - 804. Let u = -491 - -285. Let b = v - u. Calculate the remainder when b is divided by 28.
25
Let i(h) = -2*h**2 - 3*h + 3. Let q be i(-3). Suppose -2*t = 4*t - 48. What is the remainder when t is divided by ((-3)/(-2))/(q/(-16))?
0
Suppose 2096*p = 2105*p - 900. Calculate the remainder when p is divided by 60.
40
Calculate the remainder when 221 is divided by (10 - 9)*11 - -62.
2
Let s(a) = 12*a - 51. What is the remainder when 343 is divided by s(10)?
67
Let i(w) = 2*w**2 - 5*w - 2. Suppose 5*d + 2 = -53. Let a = 0 - d. Calculate the remainder when i(-3) is divided by a.
9
Let p be ((-3)/(-6) - 2)*8/(-4). Suppose p*n - 87 + 15 = 0. Calculate the remainder when (0 - 47*-1)/1 is divided by n.
23
Let w = 217 + -195. Calculate the remainder when 82 is divided by w.
16
Let n(l) be the first derivative of -l**3/3 + 23*l**2/2 - 41*l + 11. What is the remainder when 3 is divided by n(21)?
0
Suppose -5*r + 2*r + 52 = d, 80 = 5*r + 3*d. What is the remainder when 23 + 30/10 + (-4)/(-2) is di